or of 415 and 8927812.
83
Calculate the highest common divisor of 72 and 10774341.
9
What is the highest common factor of 8842882 and 10?
2
Calculate the greatest common factor of 1152 and 557584.
16
Calculate the greatest common divisor of 95439206 and 259.
37
Calculate the greatest common factor of 9244251 and 387.
9
Calculate the greatest common factor of 1165719 and 51.
3
Calculate the highest common factor of 315 and 107646315.
105
Calculate the greatest common factor of 1350 and 80445.
15
Calculate the highest common factor of 11985371 and 1349.
19
Calculate the highest common factor of 18211347 and 6897.
363
What is the greatest common factor of 1315 and 103325?
5
What is the highest common divisor of 39364473 and 579?
579
Calculate the highest common divisor of 13407878 and 423.
47
Calculate the greatest common divisor of 318835876 and 8301.
2767
What is the highest common divisor of 70330 and 7714660?
5410
Calculate the highest common factor of 164 and 26811212.
164
Calculate the greatest common factor of 34606 and 83512.
286
Calculate the highest common factor of 5195 and 820283227.
1039
Calculate the greatest common factor of 2074176 and 1385.
277
What is the greatest common divisor of 1229680 and 9120?
1520
Calculate the highest common divisor of 6450 and 3214422.
258
Calculate the greatest common divisor of 16815310 and 3710.
530
Calculate the greatest common factor of 285428 and 40918.
998
What is the highest common divisor of 304387107 and 9549?
3183
Calculate the greatest common factor of 1276698 and 74688.
2334
Calculate the greatest common divisor of 64 and 185850176.
64
What is the greatest common divisor of 111675 and 7275?
75
What is the greatest common factor of 30216858 and 4656?
582
What is the highest common factor of 27670 and 4370?
10
What is the highest common factor of 901 and 7152869?
17
Calculate the highest common divisor of 10187009 and 23072.
721
Calculate the highest common divisor of 1660665 and 1335.
15
Calculate the highest common divisor of 7266378 and 24276.
714
What is the greatest common divisor of 202710 and 7482?
174
What is the greatest common factor of 172 and 421453793?
43
What is the highest common divisor of 33787806 and 41106?
1326
Calculate the highest common factor of 73670547 and 668.
167
Calculate the highest common factor of 13273192 and 4624.
2312
What is the highest common factor of 747308 and 12521?
19
Calculate the highest common divisor of 936 and 31475691.
117
What is the greatest common factor of 989577477 and 14116?
3529
Calculate the greatest common divisor of 208 and 1036958.
26
Calculate the highest common divisor of 2038 and 4752616.
2038
What is the highest common divisor of 10564 and 8284?
76
Calculate the highest common divisor of 429177 and 132936.
573
Calculate the highest common divisor of 11 and 2841663.
11
What is the greatest common divisor of 98073392 and 16?
16
What is the greatest common factor of 19561393 and 475?
19
What is the highest common divisor of 261790 and 4637025?
2785
What is the greatest common factor of 5 and 2688525?
5
Calculate the greatest common divisor of 14136 and 28234.
38
What is the greatest common divisor of 17303 and 898898?
143
Calculate the highest common divisor of 2685 and 313578465.
2685
What is the highest common factor of 2600 and 8133320?
520
Calculate the greatest common factor of 2925218 and 1432.
358
What is the highest common factor of 11196282 and 114?
114
What is the greatest common divisor of 357408 and 1926576?
2448
What is the highest common divisor of 275026395 and 90?
15
What is the greatest common factor of 7456603 and 14?
7
What is the highest common factor of 34150392 and 22?
2
Calculate the highest common divisor of 1045861 and 2846396.
1723
Calculate the highest common divisor of 11715 and 69531.
33
Calculate the highest common divisor of 2400331032 and 21744.
10872
Calculate the greatest common divisor of 16135522 and 171.
19
Calculate the greatest common divisor of 651321 and 18447.
1419
What is the highest common divisor of 5300 and 67670930?
530
What is the greatest common divisor of 14 and 6273974?
14
What is the highest common factor of 268692311 and 134?
67
What is the greatest common factor of 231768 and 406899?
261
Calculate the highest common factor of 38025 and 2250950.
325
Calculate the highest common factor of 1824 and 43697568.
1824
Calculate the highest common divisor of 948811275 and 225.
225
What is the greatest common divisor of 1478204 and 21049?
217
What is the greatest common divisor of 1389 and 18149137?
463
Calculate the greatest common divisor of 49755 and 77655.
465
Calculate the highest common divisor of 693 and 885731.
77
Calculate the greatest common divisor of 11209606 and 954.
106
What is the greatest common divisor of 378 and 7457226?
42
Calculate the greatest common factor of 250 and 6289750.
250
Calculate the highest common factor of 70019843 and 1357.
1357
What is the highest common factor of 203 and 581363?
29
What is the greatest common divisor of 8360 and 143074712?
1672
What is the greatest common factor of 163306 and 115167?
13
Calculate the highest common factor of 5555362 and 34.
34
Calculate the highest common divisor of 301056 and 214620.
588
What is the greatest common factor of 3784 and 3649195?
473
What is the highest common divisor of 77 and 7189809?
11
Calculate the highest common divisor of 32914647 and 54.
27
Calculate the highest common divisor of 82111 and 723309.
523
What is the highest common factor of 74 and 776176972?
74
What is the highest common factor of 11772 and 14792608?
436
Calculate the highest common factor of 126 and 1138950.
18
What is the greatest common factor of 41888 and 23392544?
3808
Calculate the greatest common divisor of 42 and 5282319.
21
Calculate the greatest common factor of 38736 and 15367432.
2152
What is the greatest common divisor of 1023480 and 690?
30
What is the greatest common divisor of 265589513 and 574?
287
What is the highest common factor of 1563107 and 123977?
623
Calculate the highest common factor of 88 and 19356436.
44
What is the greatest common divisor of 673886 and 3550474?
10058
What is the greatest common divisor of 1984876 and 7100?
284
What is the greatest common factor of 245642 and 1891350?
934
What is the greatest common factor of 26752 and 14818176?
2432
Calculate the greatest common factor of 286423389 and 14.
7
Calculate the highest common divisor of 27 and 330423399.
9
Calculate the highest common factor of 42 and 29782074.
42
Calculate the highest common factor of 7198968 and 803.
73
Calculate the greatest common factor of 112484110 and 3880.
970
Calculate the greatest common divisor of 80 and 688768.
16
What is the highest common factor of 155902600 and 600?
200
What is the greatest common factor of 4550 and 4401670?
910
Calculate the highest common factor of 37952850 and 4368.
78
Calculate the greatest common factor of 11946 and 158466.
66
Calculate the greatest common factor of 1275168 and 16416.
96
Calculate the greatest common factor of 8418 and 2932026.
366
Calculate the highest common factor of 180660 and 231847.
3011
What is the highest common factor of 15725 and 2159225?
25
What is the greatest common divisor of 47097012 and 3539?
3539
Calculate the greatest common factor of 5826132 and 22656.
708
Calculate the greatest common factor of 19428400 and 16.
16
What is the greatest common divisor of 2607 and 1436536?
79
What is the highest common factor of 212214 and 258318?
678
What is the highest common factor of 830 and 4277890?
10
What is the greatest common divisor of 1421392 and 100156?
1372
Calculate the greatest common factor of 271094 and 246726.
3046
What is the greatest common factor of 97087 and 12631?
17
Calculate the greatest common divisor of 276675 and 230775.
1275
Calculate the greatest common factor of 18238527 and 18.
9
What is the highest common divisor of 203077 and 7?
7
Calculate the highest common divisor of 612 and 1002660.
204
What is the highest common divisor of 371 and 44507?
1
What is the highest common factor of 52 and 872443?
13
Calculate the highest common factor of 149671092 and 36.
12
What is the highest common factor of 373310 and 25350?
10
What is the greatest com